{"id":9673,"date":"2022-05-26T12:01:32","date_gmt":"2022-05-26T10:01:32","guid":{"rendered":"https:\/\/fruiturisme.info\/?page_id=9673"},"modified":"2022-07-25T10:29:30","modified_gmt":"2022-07-25T08:29:30","slug":"visite-guidee-des-espaces-spirituels-du-pere-palau-et-de-lermitage-de-san-juan-de-carratala","status":"publish","type":"page","link":"https:\/\/fruiturisme.info\/fr\/aitona-berceau-des-saints-2\/visite-guidee-des-espaces-spirituels-du-pere-palau-et-de-lermitage-de-san-juan-de-carratala\/","title":{"rendered":"Visite guid\u00e9e des espaces spirituels du P\u00e8re Palau et de l&#039;ermitage de San Juan de Carratal\u00e0"},"content":{"rendered":"","protected":false},"excerpt":{"rendered":"","protected":false},"author":5,"featured_media":0,"parent":9647,"menu_order":0,"comment_status":"closed","ping_status":"closed","template":"template-experience-8.php","meta":{"inline_featured_image":false,"footnotes":""},"class_list":["post-9673","page","type-page","status-publish","hentry"],"_links":{"self":[{"href":"https:\/\/fruiturisme.info\/fr\/wp-json\/wp\/v2\/pages\/9673","targetHints":{"allow":["GET"]}}],"collection":[{"href":"https:\/\/fruiturisme.info\/fr\/wp-json\/wp\/v2\/pages"}],"about":[{"href":"https:\/\/fruiturisme.info\/fr\/wp-json\/wp\/v2\/types\/page"}],"author":[{"embeddable":true,"href":"https:\/\/fruiturisme.info\/fr\/wp-json\/wp\/v2\/users\/5"}],"replies":[{"embeddable":true,"href":"https:\/\/fruiturisme.info\/fr\/wp-json\/wp\/v2\/comments?post=9673"}],"version-history":[{"count":4,"href":"https:\/\/fruiturisme.info\/fr\/wp-json\/wp\/v2\/pages\/9673\/revisions"}],"predecessor-version":[{"id":10076,"href":"https:\/\/fruiturisme.info\/fr\/wp-json\/wp\/v2\/pages\/9673\/revisions\/10076"}],"up":[{"embeddable":true,"href":"https:\/\/fruiturisme.info\/fr\/wp-json\/wp\/v2\/pages\/9647"}],"wp:attachment":[{"href":"https:\/\/fruiturisme.info\/fr\/wp-json\/wp\/v2\/media?parent=9673"}],"curies":[{"name":"wp","href":"https:\/\/api.w.org\/{rel}","templated":true}]}}

Visite guidée des espaces spirituels du Père Palau et de l&#039;ermitage de San Juan de Carratalà
