{"id":39,"date":"2022-01-04T22:14:55","date_gmt":"2022-01-04T21:14:55","guid":{"rendered":"https:\/\/fruiturisme.info\/?page_id=39"},"modified":"2024-12-11T13:54:25","modified_gmt":"2024-12-11T12:54:25","slug":"caminada-solidaria-daitona","status":"publish","type":"page","link":"https:\/\/fruiturisme.info\/es\/cataleg-dexperiencies\/caminada-solidaria-daitona\/","title":{"rendered":"XIII Caminada popular solid\u00e0ria d\u2019Aitona"},"content":{"rendered":"\n<p><strong>Diumenge 9 de Mar\u00e7 de 202<\/strong>5<\/p>\n\n\n\n<p>Sortida: 9.30 davant de l&#8217;escola bressol(pla\u00e7a del pavell\u00f3 poliesportiu)<\/p>\n\n\n\n<p>En benefici del Centre d&#8217;Iniciatives Solid\u00e0ries \u00c0ngel Olaran<\/p>\n\n\n\n<p>&#8220;Fes Salut i esport en bona companyia i envoltat de natura&#8221;<\/p>\n\n\n\n<p><strong>Preu: fins el 10 de febrer  l\u2019incripci\u00f3 et surt a 8\u20ac<\/strong>, entre 11 febrer i 5 de mar\u00e7 10\u20ac, el mateix dia 12\u20ac<br>3 diferents recorreguts (8, 16 i 20 km)<\/p>\n\n\n\n<figure class=\"wp-block-image size-full\"><img fetchpriority=\"high\" decoding=\"async\" width=\"1080\" height=\"1080\" src=\"https:\/\/fruiturisme.info\/wp-content\/uploads\/XIII-CAMINADA-POPULAR-Post-de-Instagram-1-1.jpg\" alt=\"\" class=\"wp-image-29547\" srcset=\"https:\/\/fruiturisme.info\/wp-content\/uploads\/XIII-CAMINADA-POPULAR-Post-de-Instagram-1-1.jpg 1080w, https:\/\/fruiturisme.info\/wp-content\/uploads\/XIII-CAMINADA-POPULAR-Post-de-Instagram-1-1-352x352.jpg 352w, https:\/\/fruiturisme.info\/wp-content\/uploads\/XIII-CAMINADA-POPULAR-Post-de-Instagram-1-1-160x160.jpg 160w, https:\/\/fruiturisme.info\/wp-content\/uploads\/XIII-CAMINADA-POPULAR-Post-de-Instagram-1-1-768x768.jpg 768w, https:\/\/fruiturisme.info\/wp-content\/uploads\/XIII-CAMINADA-POPULAR-Post-de-Instagram-1-1-672x672.jpg 672w, https:\/\/fruiturisme.info\/wp-content\/uploads\/XIII-CAMINADA-POPULAR-Post-de-Instagram-1-1-900x900.jpg 900w, https:\/\/fruiturisme.info\/wp-content\/uploads\/XIII-CAMINADA-POPULAR-Post-de-Instagram-1-1-100x100.jpg 100w\" sizes=\"(max-width: 1080px) 100vw, 1080px\" \/><\/figure>\n\n\n\n<p><strong>Opcions d&#8217;Inscripcions<\/strong><\/p>\n\n\n\n<ul class=\"wp-block-list\">\n<li><a href=\"https:\/\/cesegria.cat\/inscripcio\/xii-caminada-popular\/\" target=\"_blank\" rel=\"noopener\">https:\/\/cesegria.cat\/inscripcio\/xii-caminada-popular\/<\/a><\/li>\n<\/ul>\n","protected":false},"excerpt":{"rendered":"<p>Diumenge 9 de Mar\u00e7 de 2025 Sortida: 9.30 davant de l&#8217;escola bressol(pla\u00e7a del pavell\u00f3 poliesportiu) En benefici del Centre d&#8217;Iniciatives Solid\u00e0ries \u00c0ngel Olaran &#8220;Fes Salut i esport en bona companyia i envoltat de natura&#8221; Preu: fins el 10 de febrer l\u2019incripci\u00f3 et surt a 8\u20ac, entre 11 febrer i 5 de mar\u00e7 10\u20ac, el mateix [&hellip;]<\/p>\n","protected":false},"author":5,"featured_media":29545,"parent":15,"menu_order":4,"comment_status":"closed","ping_status":"closed","template":"","meta":{"inline_featured_image":false,"footnotes":""},"class_list":["post-39","page","type-page","status-publish","has-post-thumbnail","hentry"],"_links":{"self":[{"href":"https:\/\/fruiturisme.info\/es\/wp-json\/wp\/v2\/pages\/39","targetHints":{"allow":["GET"]}}],"collection":[{"href":"https:\/\/fruiturisme.info\/es\/wp-json\/wp\/v2\/pages"}],"about":[{"href":"https:\/\/fruiturisme.info\/es\/wp-json\/wp\/v2\/types\/page"}],"author":[{"embeddable":true,"href":"https:\/\/fruiturisme.info\/es\/wp-json\/wp\/v2\/users\/5"}],"replies":[{"embeddable":true,"href":"https:\/\/fruiturisme.info\/es\/wp-json\/wp\/v2\/comments?post=39"}],"version-history":[{"count":4,"href":"https:\/\/fruiturisme.info\/es\/wp-json\/wp\/v2\/pages\/39\/revisions"}],"predecessor-version":[{"id":29548,"href":"https:\/\/fruiturisme.info\/es\/wp-json\/wp\/v2\/pages\/39\/revisions\/29548"}],"up":[{"embeddable":true,"href":"https:\/\/fruiturisme.info\/es\/wp-json\/wp\/v2\/pages\/15"}],"wp:featuredmedia":[{"embeddable":true,"href":"https:\/\/fruiturisme.info\/es\/wp-json\/wp\/v2\/media\/29545"}],"wp:attachment":[{"href":"https:\/\/fruiturisme.info\/es\/wp-json\/wp\/v2\/media?parent=39"}],"curies":[{"name":"wp","href":"https:\/\/api.w.org\/{rel}","templated":true}]}}

XIII Caminada popular solidària d’Aitona

<p><strong>Diumenge 9 de Març de 202</strong>5</p>



<p>Sortida: 9.30 davant de l&#8217;escola bressol(plaça del pavelló poliesportiu)</p>



<p>En benefici del Centre d&#8217;Iniciatives Solidàries Àngel Olaran</p>



<p>&#8220;Fes Salut i esport en bona companyia i envoltat de natura&#8221;</p>



<p><strong>Preu: fins el 10 de febrer  l’incripció et surt a 8€</strong>, entre 11 febrer i 5 de març 10€, el mateix dia 12€<br>3 diferents recorreguts (8, 16 i 20 km)</p>



<figure class="wp-block-image size-full"><img fetchpriority="high" decoding="async" width="1080" height="1080" src="https://fruiturisme.info/wp-content/uploads/XIII-CAMINADA-POPULAR-Post-de-Instagram-1-1.jpg" alt="" class="wp-image-29547" srcset="https://fruiturisme.info/wp-content/uploads/XIII-CAMINADA-POPULAR-Post-de-Instagram-1-1.jpg 1080w, https://fruiturisme.info/wp-content/uploads/XIII-CAMINADA-POPULAR-Post-de-Instagram-1-1-352x352.jpg 352w, https://fruiturisme.info/wp-content/uploads/XIII-CAMINADA-POPULAR-Post-de-Instagram-1-1-160x160.jpg 160w, https://fruiturisme.info/wp-content/uploads/XIII-CAMINADA-POPULAR-Post-de-Instagram-1-1-768x768.jpg 768w, https://fruiturisme.info/wp-content/uploads/XIII-CAMINADA-POPULAR-Post-de-Instagram-1-1-672x672.jpg 672w, https://fruiturisme.info/wp-content/uploads/XIII-CAMINADA-POPULAR-Post-de-Instagram-1-1-900x900.jpg 900w, https://fruiturisme.info/wp-content/uploads/XIII-CAMINADA-POPULAR-Post-de-Instagram-1-1-100x100.jpg 100w" sizes="(max-width: 1080px) 100vw, 1080px" /></figure>



<p><strong>Opcions d&#8217;Inscripcions</strong></p>



<ul class="wp-block-list">
<li><a href="https://cesegria.cat/inscripcio/xii-caminada-popular/" target="_blank" rel="noopener">https://cesegria.cat/inscripcio/xii-caminada-popular/</a></li>
</ul>

<p>Diumenge 9 de Març de 2025 Sortida: 9.30 davant de l&#8217;escola bressol(plaça del pavelló poliesportiu) En benefici del Centre d&#8217;Iniciatives Solidàries Àngel Olaran &#8220;Fes Salut i esport en bona companyia i envoltat de natura&#8221; Preu: fins el 10 de febrer l’incripció et surt a 8€, entre 11 febrer i 5 de març 10€, el mateix [&hellip;]</p>
